2913. What is the remainder when 40 is divided by q?
18
Suppose h = 4*c - 27, -2*c - c = -h - 19. Suppose 0 = a - 1, j + 0*a + a = 38. What is the remainder when j is divided by c?
5
Let y(a) = a**3 + 7*a**2 + 4*a - 5. Calculate the remainder when y(-6) is divided by (4/8)/(16/64).
1
Suppose -4*g - 1705 = -3*l, 2*l - 2832 = -3*l - 3*g. Calculate the remainder when l/15 - 2/(-10) is divided by 13.
12
Let x(t) = -t**2 + t + 258. Let d be x(0). Let b = d + -182. What is the remainder when b is divided by (-156)/15*20/(-8)?
24
Let d be 6/(-24) - (-777)/(-12). What is the remainder when 9 is divided by d/(-13)*(6/(-5))/(-1)?
3
Let u(b) = -b**2 - 6*b + 3. Let x(h) = h**2 + 6*h - 3. Let w(t) = 2*u(t) + 3*x(t). Let s be w(-3). What is the remainder when 1 + 94*s/(-8) is divided by 36?
34
Suppose -29 = -3*p + 2*r - 7*r, -5*p = -3*r - 3. Let l(d) = 26*d - 24. Suppose 0*y + 28 = 2*y. What is the remainder when l(p) is divided by y?
12
Suppose 2*i - 295 = -117. Suppose -5*v - 82 = -z - 3*z, 94 = 5*z - 2*v. Calculate the remainder when i is divided by z.
17
Let o = -11 - -17. Let v = -50 + 25. Let s = -9 - v. Calculate the remainder when s is divided by o.
4
Suppose -36 = -y - y. What is the remainder when y is divided by ((-21)/(-42))/(2/20)?
3
Let p(y) = 16*y**2 - y + 1. What is the remainder when (-4)/(-14) - 348/(-7) is divided by p(-1)?
14
Suppose 3*a - 4*r - 132 = 248, -5*r + 455 = 4*a. What is the remainder when a is divided by 42?
36
Let l = 181 - 143. What is the remainder when l is divided by 26?
12
Suppose 8*d - 13*d + 1074 = 3*i, i = -3*d + 354. What is the remainder when i is divided by 46?
41
Calculate the remainder when 110 is divided by (-3 - -2)*(-2679)/47.
53
Let m = -11 - -16. Suppose 25 = m*o - 5. Calculate the remainder when o is divided by 2.
0
Suppose -3*h = 2*n - 225, 2*h + 72 - 222 = -2*n. Suppose 0 = 4*p - h - 9. Calculate the remainder when 38 is divided by p.
17
Suppose 3*n - 21 = -12. What is the remainder when n/12 + 2826/24 is divided by 40?
38
Let g = 61 + -69. Calculate the remainder when (-308)/g + (-2)/(-4) is divided by 10.
9
Let t(p) = p**2 + 29*p + 207. What is the remainder when t(-20) is divided by 5?
2
Let t(z) = z**2 + 2*z + 7. Suppose -5*o = -4*i - 8 + 23, 4*i + 9 = -3*o. Suppose 9 = 3*n - i*n. What is the remainder when t(-3) is divided by n?
1
Let v = -120 - -180. Suppose 55*s + 235 = v*s. Calculate the remainder when 184 is divided by s.
43
Suppose -5*h - 156 = -0*c + c, -864 = 5*c + 4*h. Let t = -76 - c. What is the remainder when t is divided by 26?
22
Let c be (6/(-9 - -3))/(2/(-12)). Suppose -c*y + y + 255 = 0. Calculate the remainder when 151 is divided by y.
49
Suppose 0 = 43*t - 50*t + 287. Suppose -k + t = 3. What is the remainder when k is divided by 7?
3
Let l(a) = -93*a**2 + 4*a + 94*a**2 - 18 - 6 - 19*a. What is the remainder when 19 is divided by l(17)?
9
Let s = 362 - 77. What is the remainder when s is divided by 58?
53
Let f = -160 - -168. Let j(w) = -w**2. Let k be j(1). Calculate the remainder when ((-1 - -1) + k)*-23 is divided by f.
7
Let k be (-3)/(((-3)/2)/3). Calculate the remainder when 78 is divided by (k - 0)*(-40)/(-15).
14
Let n = -7 + 28. Let r be 819/54 - (-2)/(-12). What is the remainder when 6/r - 1212/(-20) is divided by n?
19
Suppose d + 222 = -2*d. Let i = d + 75. Calculate the remainder when 2 is divided by i.
0
Let z = -29 + 41. Let i = -6 + 9. Suppose -g = 4*h - 37, g - 9 = -0*g + i*h. What is the remainder when g is divided by z?
9
Let q be (-1 + 2)*-3 + 6. Let a be -1 + 3*-2 + q. Let m = 9 + a. Calculate the remainder when 13 is divided by m.
3
Suppose -4*u - 2*k = 216 - 268, -3*u - 3*k + 36 = 0. Calculate the remainder when 432 is divided by u.
12
Suppose -q - 4*g = -3*g - 9, 5*g = 15. Calculate the remainder when 27 is divided by q.
3
Let k = -19 + 10. Let a(m) = -12*m - 6. Calculate the remainder when a(k) is divided by (1 + 2/(-6))*39.
24
Let c(j) = j - 12. Let y be c(0). Let q = y - -15. Let l = q + 9. Calculate the remainder when 57 is divided by l.
9
Let n(q) = -q**3 - 31*q**2 - 58*q + 3. Let p = 8 + -4. Calculate the remainder when p is divided by n(-29).
1
Calculate the remainder when 244 is divided by 2 + (-1 - 12)/((-7)/21).
39
Let y = 228 + -175. Calculate the remainder when 421 is divided by y.
50
Let z(r) = 4*r**2 - 174*r - 266. Let u = -19 + 30. Calculate the remainder when u is divided by z(45).
3
Let x(k) = 7*k + 13. Calculate the remainder when (0 - 25)*(-3 + 2) is divided by x(0).
12
Let r(n) = -n**2 - n + 6. Suppose 0 = -q - 5*l - 1 + 19, -l = -q + 12. Suppose -q*z = -2*z - 242. What is the remainder when z is divided by r(0)?
4
Let t be 12/(-15)*(-10)/4. Suppose -t*j + 0*j = -36. Suppose 5 - j = -y. What is the remainder when 23 is divided by y?
10
Let i be 198/4*(-20)/(-6). Suppose 0*n - 4*n = 3*s - 220, 0 = 3*n + s - i. Calculate the remainder when n is divided by 14.
13
What is the remainder when 54 is divided by -7 + 160/(-8)*-1?
2
Let y(o) = o + 61. Calculate the remainder when y(36) is divided by 11.
9
Let c(s) = -3*s + 38. What is the remainder when c(4) is divided by 9?
8
Suppose 5*u + 347 = 4*m, -132 = -0*u + 2*u - 5*m. Let z = -50 - u. Calculate the remainder when 7/(-16 + -5)*-249 is divided by z.
20
Suppose 8*n = -60 + 452. Let u = -26 + n. Calculate the remainder when u is divided by 12.
11
Suppose -628 = -10*v + 112. Calculate the remainder when v is divided by (-3 + (2 - 0))*-19.
17
Suppose -4*p - 183 = 4*i - 7*i, 4*p - 142 = -2*i. What is the remainder when i is divided by 21?
2
Suppose -4*d = -2*w - 118, 2*w = d + d - 58. Suppose 4*c + f + d = 539, -4*c = -2*f - 506. Calculate the remainder when c is divided by 26.
23
Suppose 0 = 4*y + 2*v, -10 = -2*y - y + v. Let b(s) = -8*s**y + 8*s**2 + 5 - s**3 + 38. What is the remainder when b(0) is divided by 15?
13
Let i = 6 + -5. Let z = i + 19. Calculate the remainder when 35 is divided by z.
15
Suppose -6*o + 3009 = 525. What is the remainder when o is divided by 13?
11
Suppose 86 = 5*t - 59. Let j(r) = 23 + 2*r - 3*r - 13 + 23. What is the remainder when t is divided by j(17)?
13
Suppose -5*a - 2*s + 253 = -s, -5*s + 65 = a. What is the remainder when a is divided by 8?
2
Let t = -76 + 537. Calculate the remainder when t is divided by 29.
26
Let u = -586 - -609. What is the remainder when 148 is divided by u?
10
Let b = 670 - 650. Let u be (-10)/(-15) + (-22)/6. What is the remainder when (-6)/u*-1 - -60 is divided by b?
18
Let s = -1708 + 1718. What is the remainder when 1008 is divided by s?
8
Let c = 11 - 2. Let m = c - -106. Calculate the remainder when m is divided by 29.
28
Suppose 0 = 4*u - 3*u - 5*t - 94, 4*u + 2*t = 310. What is the remainder when u is divided by 21?
16
Let i(p) = -7*p + 62. Calculate the remainder when 57 is divided by i(8).
3
Suppose 2*a + a = -4*c + 13, -c = -5*a + 14. Calculate the remainder when 75/20*104/a is divided by 33.
31
Suppose 5*s + 10 = -5*i, -4*i - 5*s = -0*s + 6. Let u be 10/(-4)*i/(-5). Calculate the remainder when 23 is divided by (-38)/(-5) - u/5.
7
Suppose 0 = -2*y + 10, y - 181 = -2*w - 2*y. Suppose -29 = -4*n + w. What is the remainder when n is divided by 11?
6
Suppose -11 + 4 = q. Let s(m) = -13*m - 9. Calculate the remainder when 4/(-14) + (-226)/q is divided by s(-2).
15
Suppose -53 = -5*g - 2*t, 12 = g - 5*t - 4. Suppose -6*f - 285 = -g*f. Calculate the remainder when f is divided by 30.
27
Let t(l) = l**3 - 2*l**2 - l + 24. Let n be t(4). Suppose -n = -p + 26. Calculate the remainder when p is divided by 20.
18
Let i(l) = -91*l - 192. Let w(m) = m**3 + 6*m**2 - 8*m + 7. What is the remainder when i(-3) is divided by w(-7)?
11
Let d(n) = -3*n**2 + 40*n - 11. What is the remainder when 120 is divided by d(12)?
9
Suppose 29*s - 380 = -9*s. Calculate the remainder when 807 is divided by s.
7
Let h = -46 + 127. Let j(w) = w + 14. Calculate the remainder when h is divided by j(8).
15
Let y(z) = z**2 + 66*z + 669. What is the remainder when y(-57) is divided by 3?
0
Let f(j) = j + 17. Let g be f(-13). Suppose 47 - 51 = -g*r. What is the remainder when r is divided by 1?
0
Let t(b) = -4*b**3 - 3*b**2 + 7*b + 2. Let a be t(-4). Calculate the remainder when 64 is divided by 3/2*a/21.
12
Let q(x) = 2*x**2 + 10*x. What is the remainder when q